pose -31*v + 68 = -25. Suppose -4*t + 104 = 4*g - t, -4*t - 16 = 0. What is the remainder when g is divided by v?
2
Let v be (13 - -52) + -5*1. Let l = v + -125. What is the remainder when 172 is divided by (-4)/(-6)*(1 - l)?
40
What is the remainder when 542 is divided by (-186036)/(-4218) + (-2)/19?
14
Let g(b) = b**2 + 3*b + 5. Let h = 9 - 12. What is the remainder when ((-96)/(-56))/(-2 + (-87)/(-42)) is divided by g(h)?
4
Let k be ((-8)/3)/(-1)*(-192)/(-256). Calculate the remainder when k/13 + 1220/13 is divided by 9.
4
Suppose 3*j + 5*a + 3 = -j, -3*a + 9 = -3*j. Let s be j*(-2)/8*(-8 + 2). What is the remainder when s/6 + (-2 - (-252)/8) is divided by 21?
8
Let m(a) = 19*a**2 - 8*a - 1. Let g be 24/(-156) + 56/26. Let z be (17 + -20)*g/6. Calculate the remainder when m(z) is divided by 13.
0
Suppose 13156 = 18*n - 6068. Calculate the remainder when n is divided by 35.
18
Suppose 5*r = 7*r - 42. Let w(h) = h**2 - 39*h + 585. What is the remainder when w(21) is divided by r?
18
Let u be ((-156)/10)/((-2)/20*3). Let o be -1*(-12)/20 - u/(-5). Suppose -o*l - 6 + 215 = 0. Calculate the remainder when 35 is divided by l.
16
Suppose 46*r - 50*r = -32, 58 = 3*s - r. Suppose -4*a - 870 = -0*a - 2*u, 5*u - 879 = 4*a. What is the remainder when a/(-1 + -1) - 0 is divided by s?
20
Suppose -30 = 10*q + 90. What is the remainder when 70 is divided by 8/q*(5 + 316/(-8))?
1
Suppose 24*s = 22*s + 6. Suppose 0 = s*u - 5 - 1. Suppose 4*y + r - 197 = y, 4 = u*r. What is the remainder when y is divided by 14?
9
What is the remainder when 258 is divided by (-1624)/(-63) + (-16)/(-72)?
24
Let g(o) = 714*o + 0 - 3 - 715*o. Let s be g(-14). Suppose -2*b - 121 = -5*y, 0 = 4*b + 1 + s. What is the remainder when y is divided by 17?
6
Let f = -713 + 836. Let a be -2 + (1 - 0 - -8). What is the remainder when f is divided by 14/a - (1 - 20)?
18
Let w(c) = 6*c - 1. What is the remainder when 19930/110 + 38/(-209) is divided by w(3)?
11
Suppose -22*b + 3200 = -6*b. What is the remainder when b is divided by 6?
2
Let k(i) = -i**2 + 30*i - 100. Let f be k(26). Calculate the remainder when 74/f + (-63)/(-42) is divided by 8.
4
Suppose -38 = -4*c - 4*o + 50, o + 12 = c. Let d = c - -68. Suppose 5*k + 4*h - d = 0, 5*k - 2*h = 17 + 68. Calculate the remainder when 62 is divided by k.
11
Let r be 32/10 + (2 - 33/15). Let f(q) = 3*q**2 + 3 + 0*q**2 - 6 - 4 - r*q. What is the remainder when f(6) is divided by 14?
13
Calculate the remainder when 6574 is divided by 423 + -391 - 38/2.
9
Calculate the remainder when (252/(-27))/(3/2*96/(-648)) is divided by 14.
0
Calculate the remainder when 156/195*(-2)/8 - (-11912)/10 is divided by 171.
165
Let h be (-12)/(-9)*(-4 - -13). Let s(x) = x**2 - 12*x - 18. Let w be s(h). Let l = w - -34. What is the remainder when 60 is divided by l?
12
Calculate the remainder when 51 is divided by (3 - 2) + (-37)/(-2) + 1/(-2).
13
Let i = 489 + -411. Let o = 1832 + -978. What is the remainder when o is divided by i?
74
Suppose -2*i = 4*a - 7*a - 396, i = -a + 203. Calculate the remainder when 596 is divided by i.
194
Let n(q) = -24*q**3 - 3*q**2 - q - 2. Suppose 5*l - 3*r = 221, -2*l - 7*r + 5*r + 98 = 0. What is the remainder when n(-2) is divided by l?
42
Let r(c) = 5*c**3 - 2*c**2 + 26*c + 49. Calculate the remainder when r(4) is divided by 38.
23
Suppose -160 = -2*a - 0*a. Suppose -2*q = -0*s + 5*s - a, s = 2*q + 4. Calculate the remainder when -12*(-18 + -6)*1/3 is divided by s.
12
What is the remainder when -22*3/(-6) - -296 is divided by 52?
47
Let x(a) be the first derivative of a**4/4 - a**2/2 - 10*a + 94. Calculate the remainder when 40 is divided by x(3).
12
What is the remainder when ((-58)/60 - -1)*-4 + 52409/105 is divided by 40?
19
Suppose 3*h - 4688 = 23*g, 0 = 4*h - 3*h - 5*g - 1568. Calculate the remainder when h is divided by 132.
126
Let m(s) = s**2 - 17*s + 6. Suppose 70 = 4*c + c. Let x be m(c). Let u = 39 + x. Calculate the remainder when u is divided by 1.
0
Let t(x) = -2*x**3 + 10*x**2 - 4*x + 25. Let r be (-222)/148 + (-1)/((-2)/13). Calculate the remainder when 47 is divided by t(r).
2
Let g(d) = -d**3 - 3*d**2 - d + 2. Let w be g(-3). Suppose 25 = w*r, 28 = 4*a + r + 207. Let l = -43 - a. Calculate the remainder when 15 is divided by l.
0
Let g be (-24)/(-16) + 2/4. Suppose -45 = -4*d - 11*i + 10*i, -g*i - 10 = -2*d. Calculate the remainder when 115 is divided by d.
5
Let t = -6790 - -7238. What is the remainder when 911 is divided by t?
15
Suppose 96*m - 3*g + 102 = 99*m, 3*m - 4*g - 95 = 0. Suppose -2*z - z = -51. Calculate the remainder when m is divided by z.
16
Suppose -1347 - 4173 = -15*w. What is the remainder when w is divided by 99?
71
Let i be -7*1*(13 - 15). Let h(w) = -6*w + 11. Let y be h(3). Calculate the remainder when 56 is divided by (-12)/i*y*2.
8
Suppose 4*y - 2*j - 100 = 0, 3*j = -5*y + 34 + 69. Suppose f + 45 = -2*f. Let c = 53 - f. What is the remainder when c is divided by y?
22
Let g(d) = -5*d**3 - 7*d**2 + 28*d + 107. Let i(w) = -w**2 - 5*w + 3. Calculate the remainder when g(-3) is divided by i(-4).
4
Let u be 3534/4 + (9/6)/3. Suppose 381 = -5*h - u. Let k = -99 - h. Calculate the remainder when k is divided by 39.
37
Let i be 7491/24 - (-2)/(-16). Let u = 386 - i. Calculate the remainder when 138 is divided by u.
64
Let r = -3564 + 3613. Calculate the remainder when 405 is divided by r.
13
Suppose -2*u = 5*b - 88680, 0 = 176*b - 175*b - 3*u - 17719. What is the remainder when b is divided by 8?
6
Suppose 90 = -3*u + 5*u. Let r be -3*((-3 - 0) + 2). Suppose -j - s = -8, 0*j = r*j - 4*s - u. Calculate the remainder when j is divided by 6.
5
Suppose 0 = 4*r + 2*q - 310, 0 = 5*r + 2*q + 2*q - 392. Calculate the remainder when 3 - r/28 - 4068/(-21) is divided by 7.
5
Let w be 67/(-2)*(-4)/(-1). Let z = 167 + w. What is the remainder when 57 is divided by z?
24
Suppose 4*w - 3*p + 146 = -4*p, -78 = 2*w + 3*p. Let t = w - -40. Suppose s = -5*m + 15, -t*s + 11 = -5*m + 26. What is the remainder when 7 is divided by m?
1
Suppose 30*j = 26*j + 5*y + 313, -170 = -2*j - 2*y. Calculate the remainder when 255 is divided by j.
9
Suppose 0 = 41*r - 154 - 174. Suppose -r*p + 210 = 13*p. Calculate the remainder when p is divided by 5.
0
Let c be 12/(-78) + 4/26 + 4. Suppose 0 = -c*k - n + 107, 0*n + 5*n + 32 = k. What is the remainder when 78 is divided by k?
24
Let r = -20 + 29. Let l be 8/36 - (821/r - 1). What is the remainder when l/(-9)*38/4 is divided by 16?
15
Calculate the remainder when 326 is divided by 218 + (38 - 39 - (-1 - -5)).
113
Suppose -3*t + t = 2. Let r be -8 + 8 + -1*(66 - t). Let p = -53 - r. What is the remainder when 38 is divided by p?
10
Let f = 35 - 10. Let y(l) = 3 - l - 1 - 2 + 98*l**2. Calculate the remainder when y(-1) is divided by f.
24
Let r = -181 + 170. Calculate the remainder when ((-405)/(-12) + -3)/(r/(-44)) is divided by 40.
3
Let g be 1355/(-15) + 2 + 1/3. Let k = g + 118. Calculate the remainder when -2 + (1/2)/(1/k) is divided by 8.
5
Let p = -5308 + 5394. What is the remainder when 15995 is divided by p?
85
Calculate the remainder when (-74592)/(-104) + -4*33/572 is divided by 138.
27
Suppose -5*l + 1590 = 3*s, 31 = -4*l - 2*s + 1303. What is the remainder when l is divided by 117?
84
Suppose 0 = 3*n + 4*q - 209, n - 18*q = -15*q + 48. Suppose -62*g = -n*g + 191. Calculate the remainder when g is divided by 33.
26
Suppose -3*u + 8 - 25 = p, -17 = -4*p + 5*u. Let q = -8 - -4. Calculate the remainder when -3*q/(-6) + (29 - p) is divided by 8.
5
Suppose 22151 + 27599 = 199*w. Calculate the remainder when 1019 is divided by w.
19
Let t = 5960 + -5476. What is the remainder when t is divided by 140?
64
Suppose 457*m + 2147 = 496*m + 782. What is the remainder when 6403 is divided by m?
33
Let k = -750 - -1054. Let z(c) = c**3 + 8*c**2 - 26*c - 223. Let m be z(-6). Suppose k = m*a - a. Calculate the remainder when a is divided by 39.
37
Suppose -19*a + 11 + 146 = -128. Calculate the remainder when 176 is divided by a.
11
Suppose -3*h + 760 = 4*p - 142, -8 = 2*p. What is the remainder when h is divided by 3?
0
Suppose -46 = -26*m + 24*m - 2*l, -2*l - 66 = -5*m. Let q(w) = -w**2 - w + 4. Calculate the remainder when m is divided by q(0).
0
Calculate the remainder when 25